3?
3
What is the ten thousands digit of 37362?
3
What is the units digit of 119932?
2
What is the units digit of 100557?
7
What is the thousands digit of 4354?
4
What is the hundreds digit of 2448?
4
What is the hundreds digit of 2387?
3
What is the thousands digit of 30899?
0
What is the hundreds digit of 896?
8
What is the hundreds digit of 8136?
1
What is the tens digit of 103?
0
What is the ten thousands digit of 42833?
4
What is the tens digit of 633?
3
What is the hundreds digit of 5400?
4
What is the hundreds digit of 2940?
9
What is the thousands digit of 36784?
6
What is the units digit of 157826?
6
What is the ten thousands digit of 35403?
3
What is the hundreds digit of 1794?
7
What is the hundreds digit of 2994?
9
What is the tens digit of 278?
7
What is the tens digit of 15143?
4
What is the ten thousands digit of 104025?
0
What is the thousands digit of 20306?
0
What is the ten thousands digit of 22571?
2
What is the tens digit of 317?
1
What is the hundreds digit of 19014?
0
What is the thousands digit of 29274?
9
What is the units digit of 1049?
9
What is the units digit of 645?
5
What is the hundreds digit of 17061?
0
What is the units digit of 26063?
3
What is the units digit of 10493?
3
What is the units digit of 737?
7
What is the hundreds digit of 812?
8
What is the thousands digit of 109827?
9
What is the ten thousands digit of 68069?
6
What is the thousands digit of 10709?
0
What is the tens digit of 2786?
8
What is the thousands digit of 4761?
4
What is the hundreds digit of 22613?
6
What is the units digit of 3704?
4
What is the hundreds digit of 11722?
7
What is the tens digit of 82?
8
What is the tens digit of 42086?
8
What is the units digit of 47262?
2
What is the tens digit of 813?
1
What is the tens digit of 130?
3
What is the thousands digit of 1079?
1
What is the thousands digit of 10359?
0
What is the tens digit of 284?
8
What is the units digit of 59?
9
What is the thousands digit of 1951?
1
What is the hundreds digit of 35532?
5
What is the hundreds digit of 318?
3
What is the units digit of 10136?
6
What is the units digit of 62168?
8
What is the thousands digit of 1898?
1
What is the units digit of 32230?
0
What is the tens digit of 25893?
9
What is the units digit of 707?
7
What is the thousands digit of 11731?
1
What is the tens digit of 1612?
1
What is the thousands digit of 1072?
1
What is the thousands digit of 4835?
4
What is the tens digit of 852?
5
What is the tens digit of 35190?
9
What is the hundreds digit of 158?
1
What is the hundreds digit of 19702?
7
What is the units digit of 25833?
3
What is the hundreds digit of 106506?
5
What is the units digit of 46428?
8
What is the hundreds digit of 2113?
1
What is the tens digit of 3979?
7
What is the tens digit of 1990?
9
What is the ten thousands digit of 11554?
1
What is the thousands digit of 157433?
7
What is the units digit of 5763?
3
What is the hundreds digit of 3580?
5
What is the units digit of 1105?
5
What is the units digit of 47996?
6
What is the tens digit of 1036?
3
What is the hundreds digit of 46320?
3
What is the tens digit of 7564?
6
What is the tens digit of 813?
1
What is the thousands digit of 45813?
5
What is the thousands digit of 36982?
6
What is the tens digit of 459?
5
What is the ten thousands digit of 12655?
1
What is the units digit of 611?
1
What is the hundreds digit of 38276?
2
What is the tens digit of 1491?
9
What is the ten thousands digit of 31520?
3
What is the units digit of 1926?
6
What is the hundreds digit of 72478?
4
What is the hundreds digit of 8246?
2
What is the hundreds digit of 2254?
2
What is the thousands digit of 13467?
3
What is the tens digit of 18792?
9
What is the units digit of 262?
2
What is the tens digit of 1545?
4
What is the units digit of 1703?
3
What is the thousands digit of 12001?
2
What is the hundreds digit of 435?
4
What is the units digit of 4476?
6
What is the hundreds digit of 9121?
1
What is the hundreds digit of 1002?
0
What is the tens digit of 3279?
7
What is the units digit of 5760?
0
What is the hundreds digit of 9122?
1
What is the thousands digit of 68335?
8
What is the hundreds digit of 591?
5
What is the thousands digit of 2307?
2
What is the units digit of 100134?
4
What is the tens digit of 4771?
7
What is the units digit of 9163?
3
What is the tens digit of 75?
7
What is the tens digit of 69?
6
What is the hundreds digit of 8351?
3
What is the units digit of 360?
0
What is the thousands digit of 31706?
1
What is the ten thousands digit of 87680?
8
What is the ten thousands digit of 160658?
6
What is the hundreds digit of 81520?
5
What is the thousands digit of 5452?
5
What is the units digit of 8230?
0
What is the ten thousands digit of 38939?
3
What is the tens digit of 3350?
5
What is the tens digit of 91?
9
What is the tens digit of 201?
0
What is the thousands digit of 2023?
2
What is the hundreds digit of 11219?
2
What is the hundreds digit of 1444?
4
What is the tens digit of 23037?
3
What is the hundred thousands digit of 165401?
1
What is the hundreds digit of 7414?
4
What is the tens digit of 824?
2
What is the tens digit of 9646?
4
What is the thousands digit of 38841?
8
What is the hundreds digit of 47560?
5
What is the units digit of 52562?
2
What is the tens digit of 86107?
0
What is the units digit of 3642?
2
What is the ten thousands digit of 155528?
5
What is the units digit of 499?
9
What is the thousands digit of 15939?
5
What is the hundreds digit of 7932?
9
What is the hundreds digit of 3133?
1
What is the hundreds digit of 32496?
4
What is the thousands digit of 39651?
9
What is the thousands digit of 21228?
1
What is the units digit of 1040?
0
What is the tens digit of 7346?
4
What is the tens digit of 131?
3
What is the tens digit of 456?
5
What is the tens digit of 6269?
6
What is the hundreds digit of 84002?
0
What is the units digit of 68407?
7
What is the units digit of 11830?
0
What is the thousands digit of 1132?
1
What is the thousands digit of 16771?
6
What is the hundred thousands digit of 135360?
1
What is the hundreds digit of 2866?
8
What is the units digit of 16291?
1
What is the tens digit of 1326?
2
What is the thousands digit of 1139?
1
What is the thousands digit of 17960?
7
What is the units digit of 8987?
7
What is the hundreds digit of 26791?
7
What is the hundreds digit of 90434?
4
What is the tens digit of 4482?
8
What is the units digit of 18920?
0
What is the units digit of 1000?
0
What is the hundreds digit of 2807?
8
What is the units digit of 9917?
7
What is the units digit of 15036?
6
What is the units digit of 50291?
1
What is the thousands digit of 3532?
3
What is the units digit of 31554?
4
What is the hundreds digit of 7284?
2
What is the thousands digit of 40725?
0
What is the units digit of 2894?
4
What is the tens digit of 469?
6
What is the units digit of 837?
7
What is the ten thousands digit of 10693?
1
What is the ten thousands digit of 19976?
1
What is the units digit of 2653?
3
What is the hundreds digit of 19585?
5
What is the units digit of 657?
7
What is the units digit of 2160?
0
What is the tens digit of 1566?
6
What is the thousands digit of 1250?
1
What is the units digit of 1406?
6
What is the tens digit of 30010?
1
What is the tens digit of 1793?
9
What is the hundreds digit of 15710?
7
What is the thousands digit of 1174?
1
What is the units digit of 21666?
6
What is the hundreds digit of 15175?
1
What is the ten thousands digit of 12069?
1
What is the thousands digit of 75544?
5
What is the units digit of 14920?
0
What is the tens digit of 1677?
7
What is the hundreds digit of 18475?
4
What is the tens digit of 1152?
5
What is the units digit of 6260?
0
What is the hundreds digit of 15004?
0
What is the thousands digit of 27443?
7
What is the tens digit of 3450?
5
What is the hundreds digit of 33839?
8
What is the hundreds digit of 731?
7
What is the units digit of 49246?
6
What is the tens digit of 3964?
6
What is the hundreds digit of 699?
6
What is the thousands digit of 1373?
1
What is the hundreds digit of 353?
3
What is the tens digit of 31246?
4
What is the thousands digit of 16620?
6
What is the tens digit of 917?
1
What is the thousands digit of 3574?
3
What is the thousands digi